 20*s**2 + 155*s + 1531. Give g(-12).
-1481
Let s(f) = -f**3 - 66*f**2 - 354*f + 128. What is s(-60)?
-232
Let v(j) = -2*j**3 + 10*j**2 - 28*j + 253. Give v(7).
-139
Let z(r) = r**3 - 6*r**2 + 5766*r - 34599. What is z(6)?
-3
Let x(m) = 36*m**2 - 553*m - 9120. Determine x(-10).
10
Let n(x) = 79*x**3 + 69*x**2 + 214*x - 15. Determine n(-3).
-2169
Let r(m) = 5*m**3 + 499*m**2 - 101*m - 94. What is r(-100)?
6
Let i(r) = 45991*r - 597879. Calculate i(13).
4
Let s(w) = 190*w - 2298. Determine s(12).
-18
Let a(j) = -j**3 - 172*j**2 - 2301*j + 8472. Determine a(-157).
-6
Let v(i) = 164*i**2 - 12751*i + 241693. Calculate v(45).
-2
Let v(k) = -k**3 + 11*k**2 + 20847*k + 448. What is v(150)?
-2
Let z(a) = -a**2 + 123*a + 1820. Give z(-39).
-4498
Let m(o) = -65*o**3 + 7218*o**2 - 335*o + 219. Give m(111).
-3
Let n(b) = -1298*b - 9096. Give n(-8).
1288
Let x(w) = -19*w**2 + 1173*w + 302. Calculate x(62).
-8
Let k(x) = 2*x**2 - 446*x - 140445. What is k(-176)?
3
Let u(d) = d**3 - 7*d**2 + 11538*d - 115575. Determine u(10).
105
Let h(k) = 50910*k + 458173. Give h(-9).
-17
Let o(x) = -193*x**2 - 1195*x + 2376. Determine o(2).
-786
Let o(i) = -11*i**2 - 1994*i - 2. Give o(-181).
541
Let j(c) = -4*c**3 + 11193*c**2 - 44711*c + 21. Determine j(4).
9
Let v(z) = z**3 - 669*z**2 + 2138*z - 413. What is v(3)?
7
Let v(z) = 17225*z - 1619137. What is v(94)?
13
Let x(z) = -45*z**2 + 1803*z - 136. Determine x(40).
-16
Let x(b) = b**3 - 12*b**2 + 192*b - 1405. What is x(9)?
80
Let l(t) = 768*t - 186129. Determine l(242).
-273
Let v(n) = n**2 - 38*n - 32407. What is v(-162)?
-7
Let z(k) = 455*k - 2275. What is z(5)?
0
Let z(x) = 4732*x + 416427. Determine z(-88).
11
Let z(d) = d**3 + 224*d**2 - 744*d - 65463. Determine z(-226).
529
Let n(k) = 156*k**2 + 1406*k + 9. Determine n(-9).
-9
Let z(w) = 1135*w + 839896. Calculate z(-740).
-4
Let w(u) = u**3 + 89*u**2 + 121*u - 4689. Give w(-87).
-78
Let u(z) = -8252*z + 1493602. Calculate u(181).
-10
Let i(p) = -4*p**3 + 7*p**2 + 532*p - 1609. Calculate i(3).
-58
Let f(m) = 95*m**2 - 10628*m - 68678. Give f(118).
-2
Let f(g) = -g**3 + 23*g**2 - 213*g + 2159. Determine f(18).
-55
Let u(t) = 33*t**3 - t**2 + 286*t - 577. Give u(2).
255
Let h(a) = 544226*a - 4353811. Give h(8).
-3
Let r(a) = 1194*a - 6100. Determine r(5).
-130
Let t(b) = 61197*b + 244789. Calculate t(-4).
1
Let c(f) = 558*f + 34287. Give c(-65).
-1983
Let b(a) = -16*a**3 + 512*a**2 + 163*a - 5332. Give b(32).
-116
Let p(k) = -38*k**3 + 368*k**2 + 366*k. Give p(-1).
40
Let y(u) = -22*u**2 + 495*u - 1499. What is y(3)?
-212
Let v(y) = y**3 + 260*y**2 + 2301*y + 427. Give v(-9).
49
Let y(g) = 234892*g + 1174454. Calculate y(-5).
-6
Let z(l) = 352*l + 13493. Determine z(-38).
117
Let l(g) = 1271*g**2 + 17791*g - 33. Give l(-14).
9
Let g(z) = 79*z - 4173. Determine g(52).
-65
Let j(u) = -5*u**3 + 17*u**2 - 7*u + 16. Calculate j(4).
-60
Let x(c) = -60*c + 4120. Determine x(69).
-20
Let z(t) = -1558*t + 10460. Give z(6).
1112
Let u(q) = -4*q**3 + 10*q**2 - 60*q + 171. Determine u(3).
-27
Let f(v) = 5*v**2 + 8669*v - 291531. Give f(33).
-9
Let g(s) = -718*s**3 + 77*s + 76. What is g(-1)?
717
Let j(q) = 3464*q + 14924. What is j(-4)?
1068
Let z(k) = 2*k**2 - 315*k - 19216. Calculate z(-47).
7
Let d(o) = 2*o**3 + 197*o**2 - 287*o + 1174. What is d(-100)?
-126
Let u(b) = -b**3 + 46*b**2 - 428*b + 124. Calculate u(13).
137
Let l(u) = -u**2 - 2099*u + 388170. Give l(171).
0
Let x(v) = v**3 + 201*v**2 + 1725*v - 602. Determine x(-192).
-26
Let n(f) = 62187*f + 310926. What is n(-5)?
-9
Let d(q) = 2*q**3 - 22*q**2 - 322*q - 546. Determine d(-2).
-6
Let i(f) = 43433*f + 260555. Determine i(-6).
-43
Let t(c) = -777*c**2 + 193475*c - 485. Determine t(249).
13
Let y(x) = 9*x**3 + 65*x**2 - 35*x + 203. Calculate y(-8).
35
Let d(z) = -z**2 + 1580*z - 28419. Calculate d(18).
-303
Let u(h) = -22*h**3 - 111*h**2 + 93*h + 506. Calculate u(-5).
16
Let t(j) = 19*j**2 + 39*j + 125. Determine t(-3).
179
Let d(x) = -5*x**2 + 3947*x - 40687. Calculate d(779).
-179
Let n(f) = -49*f**2 + 289*f - 1444. Determine n(5).
-1224
Let l(q) = 748*q + 161965. Give l(-217).
-351
Let z(b) = 22568*b - 45128. Determine z(2).
8
Let b(r) = -r**3 + 453*r**2 + 13474*r + 100. Calculate b(-28).
-68
Let y(a) = -4967*a - 59863. Give y(-12).
-259
Let g(j) = -340*j + 37390. Give g(106).
1350
Let g(r) = 184*r**2 + 502*r - 39. Calculate g(-5).
2051
Let t(v) = -33422*v - 1236583. Calculate t(-37).
31
Let a(n) = n**2 - 183*n - 79607. Calculate a(388).
-67
Let k(q) = 1382*q + 17572. What is k(-12)?
988
Let r(w) = -w**3 - 13*w**2 + 141*w + 2502. Calculate r(-16).
1014
Let c(t) = -357*t**2 - 236*t + 21. What is c(3)?
-3900
Let z(a) = -26938*a - 3556069. Calculate z(-132).
-253
Let s(k) = 46316*k + 787370. Give s(-17).
-2
Let o(q) = -11*q**2 - 2769*q - 171123. Determine o(-109).
7
Let a(v) = -528*v + 41200. Calculate a(78).
16
Let z(p) = -1351*p + 54372. What is z(40)?
332
Let t(l) = 425*l - 69484. What is t(164)?
216
Let p(v) = -3250*v - 191545. Give p(-59).
205
Let x(z) = 304*z**3 - 1178*z**2 + 1182*z - 2. Calculate x(1).
306
Let u(x) = -x**2 + 1719*x - 62276. Give u(37).
-42
Let d(p) = -109619*p + 109715. Give d(1).
96
Let k(r) = 4*r**2 + 1209*r - 8668. Give k(7).
-9
Let c(i) = -1724*i - 1199. Give c(-1).
525
Let w(u) = 2706634*u - 32479601. What is w(12)?
7
Let v(h) = -h**3 + 1497*h**2 - 39691*h + 19. What is v(27)?
-8
Let r(n) = -2*n**2 - 1623*n + 19085. Determine r(12).
-679
Let f(k) = -281*k - 3059. What is f(-7)?
-1092
Let z(o) = -3*o**3 + 26*o**2 - 36*o - 168. Calculate z(5).
-73
Let k(g) = 2697*g - 701215. Calculate k(260).
5
Let g(m) = 24*m**2 + 3448*m - 81. Determine g(-144).
1071
Let b(g) = 1607*g - 710. Calculate b(0).
-710
Let n(p) = 2254*p + 20301. Determine n(-9).
15
Let k(s) = -2*s**3 + 396*s**2 - 10324*s - 5008. What is k(167)?
2
Let w(f) = 4*f**2 - 299*f + 2864. Give w(64).
112
Let k(c) = -c**2 + 39634*c - 4308264. Give k(109).
-39
Let u(b) = 64810*b - 1425810. Give u(22).
10
Let t(w) = 226*w - 1679. Calculate t(5).
-549
Let o(j) = 2*j**3 - 662*j**2 + 2614*j + 593. Determine o(327).
-61
Let s(f) = 4*f**2 - 216*f - 4687. What is s(-21)?
1613
Let a(t) = -t**3 - 2*t**2 + 515*t - 211. Determine a(0).
-211
Let l(p) = -41*p + 3312. What is l(90)?
-378
Let u(o) = -39*o - 6976. Give u(-173).
-229
Let u(a) = 17*a**2 + 1081*a + 1433. What is u(-61)?
-1251
Let i(t) = 2228*t + 104724. Determine i(-47).
8
Let s(h) = 20*h**3 - 277*h**2 - 166*h + 1732. What is s(14)?
-4
Let p(r) = 3452*r + 31380. What is p(-9)?
312
Let v(n) = -8*n**3 + 2689*n**2 - 771*n + 146160. Calculate v(336).
0
Let v(a) = 458330*a + 14208233. Give v(-31).
3
Let b(o) = 5*o**2 + 493*o + 131. Calculate b(-101).
1343
Let i(b) = 11807*b - 66902. Calculate i(6).
3940
Let k(y) = 12*y**2 + 45*y + 23. Determine k(10).
1673
Let g(x) = -x**2 - 3812*x + 24. What is g(0)?
24
Let x(u) = -13913*u + 41763. Determine x(3).
24
Let n(x) = 9*x**3 + 66*x**2 + 11*x - 468. Calculate n(-5).
2
Let w(z) = -z**2 - 198*z + 2966. Determine w(15).
-229
Let s(o) = -85*o - 2247. Determine s(-26).
-37
Let h(r) = 3*r**2 + 874*r - 38910. Give h(40).
850
Let l(n) = 2*n**2 - 173*n - 436679. Determine l(-426).
-29
Let s(q) = -q**3 + 354*q**2 + 13542*q + 28399. Calculate s(389).
2
Let c(r) = -21*r**2 + 8078*r + 2709. Give c(385).
14
Let v(g) = g**3 - 58*g**2 + 633*g + 174. Calculate v(15).
-6
Let p(m) = 164*m**2 - 9189*m - 46. Determine p(56).
-326
Let l(f) = 377*f + 163278. Give l(-433).
37
Let y(f) = -615*f**2 - 10472*f - 189. What is y(-17)?
100
Let g(o) = 175*o - 269. Calculate g(-7).
-1494
Let g(u) = u**3 - 2*u**2 + 405*u - 801. Give g(2).
9
Let t(m) = -28902*m - 57889. What is t(-2)?
-85
Let p(s) = 8*s**3 - 49*s**2 + 43*s - 222. Determine p(6).
0
Let h(k) = 2098*k + 254027. Determine h(-121).
169
Let c(n) = 82*n - 1518. Calculate c(19).
40
Let u(g) = 3*g**2 + 71*g + 1268. Give u(-23).
1222
Let t(y) = 26903*y - 188395. Determine t(7).
-74
Let v(l) = 17*l**2 - 400*l + 2567. Calculate v(15).
392
Let w(j) = -259*j + 4103. Give w(18).
-559
Let j(y) = 2*y**3 + 22*y**2 - 145*y + 111. What is j(-16)?
-129
Let v(h) = h**3 + 6*h**2 - 22051*h - 44105. Calculate v(-2).
13
Let o(y) = -2*y**3 - 36*y**2 - 114*y - 37. Give o(-15).
323
Let r(t) = -142*t**2 - 4827*t - 119. What is r(-34)?
-153
Let